{"id":112,"date":"2014-02-14T15:25:27","date_gmt":"2014-02-14T15:25:27","guid":{"rendered":"http:\/\/www.netmundi.org\/home\/?page_id=112"},"modified":"2026-01-28T00:38:55","modified_gmt":"2026-01-28T00:38:55","slug":"quem-sou","status":"publish","type":"page","link":"https:\/\/www.netmundi.org\/home\/quem-sou\/","title":{"rendered":"Alfredo Carneiro"},"content":{"rendered":"\n<figure class=\"wp-block-image size-full\"><a href=\"https:\/\/www.netmundi.org\/home\/wp-content\/uploads\/2026\/01\/image.png\"><img loading=\"lazy\" decoding=\"async\" width=\"640\" height=\"640\" src=\"https:\/\/www.netmundi.org\/home\/wp-content\/uploads\/2026\/01\/image.png\" alt=\"\" class=\"wp-image-20380\" srcset=\"https:\/\/www.netmundi.org\/home\/wp-content\/uploads\/2026\/01\/image.png 640w, https:\/\/www.netmundi.org\/home\/wp-content\/uploads\/2026\/01\/image-300x300.png 300w, https:\/\/www.netmundi.org\/home\/wp-content\/uploads\/2026\/01\/image-150x150.png 150w\" sizes=\"auto, (max-width: 640px) 100vw, 640px\" \/><\/a><\/figure>\n\n\n\n<p><\/p>\n\n\n\n<p>Meu nome \u00e9 <strong>Alfredo de Moraes R\u00eago Carneiro<\/strong>, sou professor de filosofia graduado pela Universidade Cat\u00f3lica de Bras\u00edlia e p\u00f3s-graduado em Filosofia e Exist\u00eancia pela mesma institui\u00e7\u00e3o. Criei o <a href=\"https:\/\/www.netmundi.org\/home\/\" target=\"_blank\" rel=\"noreferrer noopener\">netmundi.org<\/a> em 2010 para ajudar a difundir a Filosofia no Brasil. <\/p>\n\n\n\n<p>Minha rela\u00e7\u00e3o com a filosofia nasceu quando, ainda adolescente, comprei em um sebo&nbsp;o livro <em><a href=\"http:\/\/www.netmundi.org\/home\/2014\/09\/16\/discurso-sobre-o-metodo-de-descartes\/\">Discurso sobre o M\u00e9todo<\/a><\/em> de Descartes para entender, afinal, quem era esse sujeito que todos diziam ter fundado a modernidade. Al\u00e9m do mais, quem me conhecia dizia que eu tinha um &#8220;pensamento muito cartesiano&#8221;. Eu n\u00e3o tinha a menor ideia do que seria isso, fato que s\u00f3 aumentou minha curiosidade.<\/p>\n\n\n\n<p>Fiquei impressionado com o estilo claro de Descartes, com sua apresenta\u00e7\u00e3o quase matem\u00e1tica das ideias e, mais ainda, em saber que a modernidade teria sido fundada por um livrinho t\u00e3o fino. Surpreendentemente, n\u00e3o era um livro dif\u00edcil como eu esperava. Sentia que aquela obra tinha uma poderosa energia&nbsp;e resolvi descobrir o que outros fil\u00f3sofos pensaram antes e depois de Descartes. <\/p>\n\n\n\n<p>No in\u00edcio dos anos 90, eu era um estudante de Administra\u00e7\u00e3o com ent\u00e3o 17 anos. Consegui um emprego em uma empresa multinacional e gastava quase todo meu sal\u00e1rio com livros de filosofia. N\u00e3o era &#8220;sede de conhecimento&#8221; ou algum clich\u00ea do tipo. Eu gostava de ler essas obras por mera curiosidade. N\u00e3o pensava na \u00e9poca em fazer um curso de filosofia. Me formei bem jovem em Administra\u00e7\u00e3o, fiz p\u00f3s-gradua\u00e7\u00e3o em Engenharia de Software e trabalhei muitos anos como como Analista de Sistemas para v\u00e1rias empresas conhecidas do mercado. Assim como a filosofia, a tecnologia sempre foi uma paix\u00e3o para mim.<\/p>\n\n\n\n<p>Desde ent\u00e3o, comprei mais livros, conversei com muitas pessoas, li obras de v\u00e1rios fil\u00f3sofos. Entendi por que Nietzsche os chamou de <em>&#8220;coisas maravilhosas&#8221;<\/em>. Anos depois, resolvi cursar filosofia e, quando me formei, inconformado com o fim do curso, fiz uma p\u00f3s-gradua\u00e7\u00e3o para ficar um pouco mais. Tive o prazer e a sorte de trabalhar alguns anos como professor na SEEDF (Secretaria de Estado de Educa\u00e7\u00e3o do DF). Foi uma experi\u00eancia m\u00e1gica.<\/p>\n\n\n\n<p>Nunca pensei na filosofia como um pensar solit\u00e1rio e n\u00e3o concordo com &#8220;s\u00e1bios te\u00f3ricos&#8221; e eruditos. Acredito em Schopenhauer quando afirmou que <em>&#8220;os promotores da esp\u00e9cie humana s\u00e3o aqueles que leram diretamente no livro do mundo&#8221;<\/em>. <\/p>\n\n\n\n<p>A filosofia, no meu entender, nasce da vida cotidiana, do di\u00e1logo e do confronto. Os livros e o estudo sistematizado s\u00e3o apoio para a reflex\u00e3o, mas n\u00e3o substituem o pensamento pr\u00f3prio; ainda que nossa autonomia intelectual seja desenvolvida, de nada&nbsp;adianta pensar se isso n\u00e3o modifica tanto a n\u00f3s mesmos quanto a realidade em que vivemos.<\/p>\n\n\n\n<p>Contato: <strong>alfredomrc@gmail.com<\/strong><\/p>\n\n\n\n<hr class=\"wp-block-separator has-css-opacity\"\/>\n\n\n\n<h3 class=\"wp-block-heading\">Navegue pelo netmundi.org<\/h3>\n\n\n\n<hr class=\"wp-block-separator has-css-opacity\"\/>\n\n\n\n<ul class=\"wp-block-list\">\n<li><a href=\"https:\/\/www.netmundi.org\/home\/category\/livros-para-baixar\/\">Biblioteca<\/a><\/li>\n\n\n\n<li><strong>Filosofia<\/strong>\n<ul class=\"wp-block-list\">\n<li><a href=\"https:\/\/www.netmundi.org\/filosofia\/category\/filosofia-antiga-2\/\">Antiga<\/a><\/li>\n\n\n\n<li><a href=\"https:\/\/www.netmundi.org\/filosofia\/category\/filosofia-medieval-2\/\">Medieval<\/a><\/li>\n\n\n\n<li><a href=\"https:\/\/www.netmundi.org\/filosofia\/category\/filosofia-moderna-2\/\">Moderna<\/a><\/li>\n\n\n\n<li><a href=\"https:\/\/www.netmundi.org\/filosofia\/category\/filosofia-contemporanea\/\">Contempor\u00e2nea<\/a><\/li>\n\n\n\n<li><a href=\"https:\/\/www.netmundi.org\/filosofia\/category\/textos-introdutorios\/\">Textos Introdut\u00f3rios<\/a><\/li>\n\n\n\n<li><a href=\"https:\/\/www.netmundi.org\/filosofia\/category\/nietzsche\/\"><em>Friedrich Nietzsche<\/em><\/a><\/li>\n<\/ul>\n<\/li>\n\n\n\n<li><a href=\"https:\/\/www.netmundi.org\/home\/category\/musicas\/\">M\u00fasicas<\/a><\/li>\n\n\n\n<li><a href=\"https:\/\/www.netmundi.org\/home\/category\/arte\/\">Obras de Arte<\/a><\/li>\n\n\n\n<li><a href=\"https:\/\/www.netmundi.org\/home\/podcast\/\">\u00c1udios<\/a><\/li>\n\n\n\n<li><a href=\"https:\/\/www.netmundi.org\/home\/category\/textos-motivacionais\/\">Textos Motivacionais<\/a><\/li>\n\n\n\n<li><a href=\"https:\/\/www.netmundi.org\/home\/category\/falacias\/\">Fal\u00e1cias<\/a><\/li>\n\n\n\n<li><a href=\"https:\/\/www.netmundi.org\/filosofia\/frases-de-grandes-pensadores\/\">Frases<\/a><\/li>\n\n\n\n<li><a href=\"https:\/\/www.netmundi.org\/home\/category\/cibercultura\/\">Cibercultura<\/a><\/li>\n\n\n\n<li><a href=\"https:\/\/www.netmundi.org\/home\/category\/videos-comentados\/\">Indica\u00e7\u00e3o de V\u00eddeos<\/a><\/li>\n\n\n\n<li><em>Youtube<\/em>\n<ul class=\"wp-block-list\">\n<li><a href=\"https:\/\/www.youtube.com\/@Netmundi-org\">Videoaulas<\/a><\/li>\n\n\n\n<li><a href=\"https:\/\/www.youtube.com\/@NetmundiPodcast\">\u00c1udios<\/a><\/li>\n\n\n\n<li><a href=\"https:\/\/www.youtube.com\/channel\/UCm0bM_yvRcl1mVSfqi7kDkA\" target=\"_blank\" rel=\"noreferrer noopener\">Frases<\/a><\/li>\n<\/ul>\n<\/li>\n\n\n\n<li><a href=\"https:\/\/www.netmundi.org\/home\/category\/blog-do-editor\/\">Blog do Editor<\/a><\/li>\n\n\n\n<li><a href=\"https:\/\/www.netmundi.org\/home\/sobre-2\/\">Sobre<\/a><\/li>\n\n\n\n<li><a href=\"https:\/\/www.netmundi.org\/home\/quem-sou\/\">Editor<\/a><\/li>\n\n\n\n<li><a href=\"https:\/\/www.netmundi.org\/home\/contato\/\">Contato<\/a><\/li>\n<\/ul>\n","protected":false},"excerpt":{"rendered":"<p>Meu nome \u00e9 Alfredo de Moraes R\u00eago Carneiro, sou professor de filosofia graduado pela Universidade Cat\u00f3lica de Bras\u00edlia e p\u00f3s-graduado em Filosofia e Exist\u00eancia pela mesma institui\u00e7\u00e3o. Criei o netmundi.org em 2010 para ajudar a difundir a Filosofia no Brasil. Minha rela\u00e7\u00e3o com a filosofia nasceu quando, ainda adolescente, comprei em um sebo&nbsp;o livro Discurso sobre o M\u00e9todo de Descartes para entender, afinal, quem era esse sujeito que todos diziam ter fundado a modernidade. Al\u00e9m do mais, quem me conhecia dizia que eu tinha um &#8220;pensamento muito cartesiano&#8221;. Eu n\u00e3o tinha a menor ideia do que seria isso, fato que s\u00f3 aumentou minha curiosidade. Fiquei impressionado com o estilo claro de Descartes, com sua apresenta\u00e7\u00e3o quase matem\u00e1tica das ideias e, mais ainda, em saber que a modernidade teria sido fundada por um livrinho t\u00e3o fino. Surpreendentemente, n\u00e3o era um livro dif\u00edcil como eu esperava. Sentia que aquela obra tinha uma poderosa energia&nbsp;e resolvi descobrir o que outros fil\u00f3sofos pensaram antes e depois de Descartes. No in\u00edcio dos anos 90, eu era um estudante de Administra\u00e7\u00e3o com ent\u00e3o 17 anos. Consegui um emprego em uma empresa multinacional e gastava quase todo meu sal\u00e1rio com livros de filosofia. N\u00e3o era &#8220;sede de [&#8230;]<\/p>\n","protected":false},"author":1,"featured_media":0,"parent":0,"menu_order":4,"comment_status":"closed","ping_status":"closed","template":"","meta":{"footnotes":""},"class_list":["post-112","page","type-page","status-publish","hentry"],"yoast_head":"<!-- This site is optimized with the Yoast SEO plugin v26.6 - https:\/\/yoast.com\/wordpress\/plugins\/seo\/ -->\n<title>Alfredo de Moraes R\u00eago Carneiro<\/title>\n<meta name=\"description\" content=\"Alfredo Carneiro, p\u00f3s-graduado em filosofia pela Universidade Cat\u00f3lica de Bras\u00edlia e licenciado em filosofia pela mesma institui\u00e7\u00e3o. Editor do netmundi.org\" \/>\n<meta name=\"robots\" content=\"index, follow, max-snippet:-1, max-image-preview:large, max-video-preview:-1\" \/>\n<link rel=\"canonical\" href=\"https:\/\/www.netmundi.org\/home\/quem-sou\/\" \/>\n<meta property=\"og:locale\" content=\"pt_BR\" \/>\n<meta property=\"og:type\" content=\"article\" \/>\n<meta property=\"og:title\" content=\"Alfredo de Moraes R\u00eago Carneiro\" \/>\n<meta property=\"og:description\" content=\"Alfredo Carneiro, p\u00f3s-graduado em filosofia pela Universidade Cat\u00f3lica de Bras\u00edlia e licenciado em filosofia pela mesma institui\u00e7\u00e3o. Editor do netmundi.org\" \/>\n<meta property=\"og:url\" content=\"https:\/\/www.netmundi.org\/home\/quem-sou\/\" \/>\n<meta property=\"og:site_name\" content=\"netmundi.org\" \/>\n<meta property=\"article:modified_time\" content=\"2026-01-28T00:38:55+00:00\" \/>\n<meta property=\"og:image\" content=\"https:\/\/www.netmundi.org\/home\/wp-content\/uploads\/2026\/01\/image.png\" \/>\n\t<meta property=\"og:image:width\" content=\"640\" \/>\n\t<meta property=\"og:image:height\" content=\"640\" \/>\n\t<meta property=\"og:image:type\" content=\"image\/png\" \/>\n<meta name=\"twitter:card\" content=\"summary_large_image\" \/>\n<meta name=\"twitter:site\" content=\"@alfredo_mrc\" \/>\n<meta name=\"twitter:label1\" content=\"Est. tempo de leitura\" \/>\n\t<meta name=\"twitter:data1\" content=\"3 minutos\" \/>\n<script type=\"application\/ld+json\" class=\"yoast-schema-graph\">{\"@context\":\"https:\/\/schema.org\",\"@graph\":[{\"@type\":\"WebPage\",\"@id\":\"https:\/\/www.netmundi.org\/home\/quem-sou\/\",\"url\":\"https:\/\/www.netmundi.org\/home\/quem-sou\/\",\"name\":\"Alfredo de Moraes R\u00eago Carneiro\",\"isPartOf\":{\"@id\":\"https:\/\/www.netmundi.org\/home\/#website\"},\"primaryImageOfPage\":{\"@id\":\"https:\/\/www.netmundi.org\/home\/quem-sou\/#primaryimage\"},\"image\":{\"@id\":\"https:\/\/www.netmundi.org\/home\/quem-sou\/#primaryimage\"},\"thumbnailUrl\":\"https:\/\/www.netmundi.org\/home\/wp-content\/uploads\/2026\/01\/image.png\",\"datePublished\":\"2014-02-14T15:25:27+00:00\",\"dateModified\":\"2026-01-28T00:38:55+00:00\",\"description\":\"Alfredo Carneiro, p\u00f3s-graduado em filosofia pela Universidade Cat\u00f3lica de Bras\u00edlia e licenciado em filosofia pela mesma institui\u00e7\u00e3o. Editor do netmundi.org\",\"breadcrumb\":{\"@id\":\"https:\/\/www.netmundi.org\/home\/quem-sou\/#breadcrumb\"},\"inLanguage\":\"pt-BR\",\"potentialAction\":[{\"@type\":\"ReadAction\",\"target\":[\"https:\/\/www.netmundi.org\/home\/quem-sou\/\"]}]},{\"@type\":\"ImageObject\",\"inLanguage\":\"pt-BR\",\"@id\":\"https:\/\/www.netmundi.org\/home\/quem-sou\/#primaryimage\",\"url\":\"https:\/\/www.netmundi.org\/home\/wp-content\/uploads\/2026\/01\/image.png\",\"contentUrl\":\"https:\/\/www.netmundi.org\/home\/wp-content\/uploads\/2026\/01\/image.png\",\"width\":640,\"height\":640},{\"@type\":\"BreadcrumbList\",\"@id\":\"https:\/\/www.netmundi.org\/home\/quem-sou\/#breadcrumb\",\"itemListElement\":[{\"@type\":\"ListItem\",\"position\":1,\"name\":\"In\u00edcio\",\"item\":\"https:\/\/www.netmundi.org\/home\/\"},{\"@type\":\"ListItem\",\"position\":2,\"name\":\"Alfredo Carneiro\"}]},{\"@type\":\"WebSite\",\"@id\":\"https:\/\/www.netmundi.org\/home\/#website\",\"url\":\"https:\/\/www.netmundi.org\/home\/\",\"name\":\"netmundi.org\",\"description\":\"ARTE, CULTURA E FILOSOFIA\",\"publisher\":{\"@id\":\"https:\/\/www.netmundi.org\/home\/#\/schema\/person\/12ddd80f62a6f0e98d99e56c5a71eed2\"},\"potentialAction\":[{\"@type\":\"SearchAction\",\"target\":{\"@type\":\"EntryPoint\",\"urlTemplate\":\"https:\/\/www.netmundi.org\/home\/?s={search_term_string}\"},\"query-input\":{\"@type\":\"PropertyValueSpecification\",\"valueRequired\":true,\"valueName\":\"search_term_string\"}}],\"inLanguage\":\"pt-BR\"},{\"@type\":[\"Person\",\"Organization\"],\"@id\":\"https:\/\/www.netmundi.org\/home\/#\/schema\/person\/12ddd80f62a6f0e98d99e56c5a71eed2\",\"name\":\"Netmundi.org - Filosofia na Rede\",\"image\":{\"@type\":\"ImageObject\",\"inLanguage\":\"pt-BR\",\"@id\":\"https:\/\/www.netmundi.org\/home\/#\/schema\/person\/image\/\",\"url\":\"https:\/\/secure.gravatar.com\/avatar\/4b425da16797e1bacc1ee50a40075366497cc3dd3e5c4319ef30ca6895d04061?s=96&r=g\",\"contentUrl\":\"https:\/\/secure.gravatar.com\/avatar\/4b425da16797e1bacc1ee50a40075366497cc3dd3e5c4319ef30ca6895d04061?s=96&r=g\",\"caption\":\"Netmundi.org - Filosofia na Rede\"},\"logo\":{\"@id\":\"https:\/\/www.netmundi.org\/home\/#\/schema\/person\/image\/\"}}]}<\/script>\n<!-- \/ Yoast SEO plugin. -->","yoast_head_json":{"title":"Alfredo de Moraes R\u00eago Carneiro","description":"Alfredo Carneiro, p\u00f3s-graduado em filosofia pela Universidade Cat\u00f3lica de Bras\u00edlia e licenciado em filosofia pela mesma institui\u00e7\u00e3o. Editor do netmundi.org","robots":{"index":"index","follow":"follow","max-snippet":"max-snippet:-1","max-image-preview":"max-image-preview:large","max-video-preview":"max-video-preview:-1"},"canonical":"https:\/\/www.netmundi.org\/home\/quem-sou\/","og_locale":"pt_BR","og_type":"article","og_title":"Alfredo de Moraes R\u00eago Carneiro","og_description":"Alfredo Carneiro, p\u00f3s-graduado em filosofia pela Universidade Cat\u00f3lica de Bras\u00edlia e licenciado em filosofia pela mesma institui\u00e7\u00e3o. Editor do netmundi.org","og_url":"https:\/\/www.netmundi.org\/home\/quem-sou\/","og_site_name":"netmundi.org","article_modified_time":"2026-01-28T00:38:55+00:00","og_image":[{"width":640,"height":640,"url":"https:\/\/www.netmundi.org\/home\/wp-content\/uploads\/2026\/01\/image.png","type":"image\/png"}],"twitter_card":"summary_large_image","twitter_site":"@alfredo_mrc","twitter_misc":{"Est. tempo de leitura":"3 minutos"},"schema":{"@context":"https:\/\/schema.org","@graph":[{"@type":"WebPage","@id":"https:\/\/www.netmundi.org\/home\/quem-sou\/","url":"https:\/\/www.netmundi.org\/home\/quem-sou\/","name":"Alfredo de Moraes R\u00eago Carneiro","isPartOf":{"@id":"https:\/\/www.netmundi.org\/home\/#website"},"primaryImageOfPage":{"@id":"https:\/\/www.netmundi.org\/home\/quem-sou\/#primaryimage"},"image":{"@id":"https:\/\/www.netmundi.org\/home\/quem-sou\/#primaryimage"},"thumbnailUrl":"https:\/\/www.netmundi.org\/home\/wp-content\/uploads\/2026\/01\/image.png","datePublished":"2014-02-14T15:25:27+00:00","dateModified":"2026-01-28T00:38:55+00:00","description":"Alfredo Carneiro, p\u00f3s-graduado em filosofia pela Universidade Cat\u00f3lica de Bras\u00edlia e licenciado em filosofia pela mesma institui\u00e7\u00e3o. Editor do netmundi.org","breadcrumb":{"@id":"https:\/\/www.netmundi.org\/home\/quem-sou\/#breadcrumb"},"inLanguage":"pt-BR","potentialAction":[{"@type":"ReadAction","target":["https:\/\/www.netmundi.org\/home\/quem-sou\/"]}]},{"@type":"ImageObject","inLanguage":"pt-BR","@id":"https:\/\/www.netmundi.org\/home\/quem-sou\/#primaryimage","url":"https:\/\/www.netmundi.org\/home\/wp-content\/uploads\/2026\/01\/image.png","contentUrl":"https:\/\/www.netmundi.org\/home\/wp-content\/uploads\/2026\/01\/image.png","width":640,"height":640},{"@type":"BreadcrumbList","@id":"https:\/\/www.netmundi.org\/home\/quem-sou\/#breadcrumb","itemListElement":[{"@type":"ListItem","position":1,"name":"In\u00edcio","item":"https:\/\/www.netmundi.org\/home\/"},{"@type":"ListItem","position":2,"name":"Alfredo Carneiro"}]},{"@type":"WebSite","@id":"https:\/\/www.netmundi.org\/home\/#website","url":"https:\/\/www.netmundi.org\/home\/","name":"netmundi.org","description":"ARTE, CULTURA E FILOSOFIA","publisher":{"@id":"https:\/\/www.netmundi.org\/home\/#\/schema\/person\/12ddd80f62a6f0e98d99e56c5a71eed2"},"potentialAction":[{"@type":"SearchAction","target":{"@type":"EntryPoint","urlTemplate":"https:\/\/www.netmundi.org\/home\/?s={search_term_string}"},"query-input":{"@type":"PropertyValueSpecification","valueRequired":true,"valueName":"search_term_string"}}],"inLanguage":"pt-BR"},{"@type":["Person","Organization"],"@id":"https:\/\/www.netmundi.org\/home\/#\/schema\/person\/12ddd80f62a6f0e98d99e56c5a71eed2","name":"Netmundi.org - Filosofia na Rede","image":{"@type":"ImageObject","inLanguage":"pt-BR","@id":"https:\/\/www.netmundi.org\/home\/#\/schema\/person\/image\/","url":"https:\/\/secure.gravatar.com\/avatar\/4b425da16797e1bacc1ee50a40075366497cc3dd3e5c4319ef30ca6895d04061?s=96&r=g","contentUrl":"https:\/\/secure.gravatar.com\/avatar\/4b425da16797e1bacc1ee50a40075366497cc3dd3e5c4319ef30ca6895d04061?s=96&r=g","caption":"Netmundi.org - Filosofia na Rede"},"logo":{"@id":"https:\/\/www.netmundi.org\/home\/#\/schema\/person\/image\/"}}]}},"amp_enabled":true,"_links":{"self":[{"href":"https:\/\/www.netmundi.org\/home\/wp-json\/wp\/v2\/pages\/112","targetHints":{"allow":["GET"]}}],"collection":[{"href":"https:\/\/www.netmundi.org\/home\/wp-json\/wp\/v2\/pages"}],"about":[{"href":"https:\/\/www.netmundi.org\/home\/wp-json\/wp\/v2\/types\/page"}],"author":[{"embeddable":true,"href":"https:\/\/www.netmundi.org\/home\/wp-json\/wp\/v2\/users\/1"}],"replies":[{"embeddable":true,"href":"https:\/\/www.netmundi.org\/home\/wp-json\/wp\/v2\/comments?post=112"}],"version-history":[{"count":108,"href":"https:\/\/www.netmundi.org\/home\/wp-json\/wp\/v2\/pages\/112\/revisions"}],"predecessor-version":[{"id":20384,"href":"https:\/\/www.netmundi.org\/home\/wp-json\/wp\/v2\/pages\/112\/revisions\/20384"}],"wp:attachment":[{"href":"https:\/\/www.netmundi.org\/home\/wp-json\/wp\/v2\/media?parent=112"}],"curies":[{"name":"wp","href":"https:\/\/api.w.org\/{rel}","templated":true}]}}