{"id":10883,"date":"2020-02-18T13:10:06","date_gmt":"2020-02-18T13:10:06","guid":{"rendered":"https:\/\/www.netmundi.org\/home\/?page_id=10883"},"modified":"2025-08-02T20:57:14","modified_gmt":"2025-08-02T20:57:14","slug":"claude-monet-1913-1926","status":"publish","type":"page","link":"https:\/\/www.netmundi.org\/home\/claude-monet-1913-1926\/","title":{"rendered":"Claude Monet (1913-1926)"},"content":{"rendered":"\n<hr class=\"wp-block-separator has-css-opacity\"\/>\n\n\n\n<p>This gallery is part of our post<strong><em> <a href=\"https:\/\/www.netmundi.org\/home\/claude-monet-150-images-to-view-and-download\/\">Claude Monet \u2013 150 Images to View and Download<\/a><\/em><\/strong>. Click the images to see them larger.<\/p>\n\n\n\n<p>Esta galeria de imagens faz parte do <em>post <\/em><strong><em><a href=\"https:\/\/www.netmundi.org\/home\/2020\/claude-monet-150-imagens-para-ver-e-baixar\/\">Claude Monet &#8211; 150 imagens para ver e baixar<\/a><\/em><\/strong>. <em>Clique nas imagens para ampliar.<\/em><\/p>\n\n\n\n<hr class=\"wp-block-separator has-css-opacity\"\/>\n\n\n\n<h4 class=\"wp-block-heading has-text-align-center\">10 imagens<\/h4>\n\n\n\n<hr class=\"wp-block-separator has-css-opacity\"\/>\n\n\n\n<figure class=\"wp-block-gallery has-nested-images columns-2 is-cropped wp-block-gallery-1 is-layout-flex wp-block-gallery-is-layout-flex\">\n<figure class=\"wp-block-image size-large\"><a href=\"https:\/\/www.netmundi.org\/home\/wp-content\/uploads\/2020\/02\/Claude-Monet-Irises-and-Water-Lilies-1914-1917.jpg\"><img loading=\"lazy\" decoding=\"async\" width=\"1024\" height=\"658\" data-id=\"10884\" src=\"https:\/\/www.netmundi.org\/home\/wp-content\/uploads\/2020\/02\/Claude-Monet-Irises-and-Water-Lilies-1914-1917-1024x658.jpg\" alt=\"\" class=\"wp-image-10884\" srcset=\"https:\/\/www.netmundi.org\/home\/wp-content\/uploads\/2020\/02\/Claude-Monet-Irises-and-Water-Lilies-1914-1917-1024x658.jpg 1024w, https:\/\/www.netmundi.org\/home\/wp-content\/uploads\/2020\/02\/Claude-Monet-Irises-and-Water-Lilies-1914-1917-300x193.jpg 300w, https:\/\/www.netmundi.org\/home\/wp-content\/uploads\/2020\/02\/Claude-Monet-Irises-and-Water-Lilies-1914-1917-768x494.jpg 768w, https:\/\/www.netmundi.org\/home\/wp-content\/uploads\/2020\/02\/Claude-Monet-Irises-and-Water-Lilies-1914-1917.jpg 1050w\" sizes=\"auto, (max-width: 1024px) 100vw, 1024px\" \/><\/a><\/figure>\n\n\n\n<figure class=\"wp-block-image size-large\"><a href=\"https:\/\/www.netmundi.org\/home\/wp-content\/uploads\/2020\/02\/Claude-Monet-Self-Portrait-1917.jpg\"><img loading=\"lazy\" decoding=\"async\" width=\"783\" height=\"1024\" data-id=\"10885\" src=\"https:\/\/www.netmundi.org\/home\/wp-content\/uploads\/2020\/02\/Claude-Monet-Self-Portrait-1917-783x1024.jpg\" alt=\"\" class=\"wp-image-10885\" srcset=\"https:\/\/www.netmundi.org\/home\/wp-content\/uploads\/2020\/02\/Claude-Monet-Self-Portrait-1917-783x1024.jpg 783w, https:\/\/www.netmundi.org\/home\/wp-content\/uploads\/2020\/02\/Claude-Monet-Self-Portrait-1917-229x300.jpg 229w, https:\/\/www.netmundi.org\/home\/wp-content\/uploads\/2020\/02\/Claude-Monet-Self-Portrait-1917-768x1004.jpg 768w, https:\/\/www.netmundi.org\/home\/wp-content\/uploads\/2020\/02\/Claude-Monet-Self-Portrait-1917-1175x1536.jpg 1175w, https:\/\/www.netmundi.org\/home\/wp-content\/uploads\/2020\/02\/Claude-Monet-Self-Portrait-1917.jpg 1220w\" sizes=\"auto, (max-width: 783px) 100vw, 783px\" \/><\/a><\/figure>\n\n\n\n<figure class=\"wp-block-image size-large\"><a href=\"https:\/\/www.netmundi.org\/home\/wp-content\/uploads\/2020\/02\/Claude-Monet-The-Japanese-Bridge-1918-1924.jpg\"><img loading=\"lazy\" decoding=\"async\" width=\"1024\" height=\"971\" data-id=\"10886\" src=\"https:\/\/www.netmundi.org\/home\/wp-content\/uploads\/2020\/02\/Claude-Monet-The-Japanese-Bridge-1918-1924-1024x971.jpg\" alt=\"\" class=\"wp-image-10886\" srcset=\"https:\/\/www.netmundi.org\/home\/wp-content\/uploads\/2020\/02\/Claude-Monet-The-Japanese-Bridge-1918-1924-1024x971.jpg 1024w, https:\/\/www.netmundi.org\/home\/wp-content\/uploads\/2020\/02\/Claude-Monet-The-Japanese-Bridge-1918-1924-300x285.jpg 300w, https:\/\/www.netmundi.org\/home\/wp-content\/uploads\/2020\/02\/Claude-Monet-The-Japanese-Bridge-1918-1924-768x728.jpg 768w, https:\/\/www.netmundi.org\/home\/wp-content\/uploads\/2020\/02\/Claude-Monet-The-Japanese-Bridge-1918-1924.jpg 1065w\" sizes=\"auto, (max-width: 1024px) 100vw, 1024px\" \/><\/a><\/figure>\n\n\n\n<figure class=\"wp-block-image size-large\"><a href=\"https:\/\/www.netmundi.org\/home\/wp-content\/uploads\/2020\/02\/Claude-Monet-The-Water-Lilies-Pond-1917.jpg\"><img loading=\"lazy\" decoding=\"async\" width=\"1024\" height=\"499\" data-id=\"10887\" src=\"https:\/\/www.netmundi.org\/home\/wp-content\/uploads\/2020\/02\/Claude-Monet-The-Water-Lilies-Pond-1917-1024x499.jpg\" alt=\"\" class=\"wp-image-10887\" srcset=\"https:\/\/www.netmundi.org\/home\/wp-content\/uploads\/2020\/02\/Claude-Monet-The-Water-Lilies-Pond-1917-1024x499.jpg 1024w, https:\/\/www.netmundi.org\/home\/wp-content\/uploads\/2020\/02\/Claude-Monet-The-Water-Lilies-Pond-1917-300x146.jpg 300w, https:\/\/www.netmundi.org\/home\/wp-content\/uploads\/2020\/02\/Claude-Monet-The-Water-Lilies-Pond-1917-768x374.jpg 768w, https:\/\/www.netmundi.org\/home\/wp-content\/uploads\/2020\/02\/Claude-Monet-The-Water-Lilies-Pond-1917-1536x748.jpg 1536w, https:\/\/www.netmundi.org\/home\/wp-content\/uploads\/2020\/02\/Claude-Monet-The-Water-Lilies-Pond-1917.jpg 1950w\" sizes=\"auto, (max-width: 1024px) 100vw, 1024px\" \/><\/a><\/figure>\n\n\n\n<figure class=\"wp-block-image size-large\"><a href=\"https:\/\/www.netmundi.org\/home\/wp-content\/uploads\/2020\/02\/Claude-Monet-The-Water-Lily-Pond-at-Giverny-1917.jpg\"><img loading=\"lazy\" decoding=\"async\" width=\"777\" height=\"1024\" data-id=\"10888\" src=\"https:\/\/www.netmundi.org\/home\/wp-content\/uploads\/2020\/02\/Claude-Monet-The-Water-Lily-Pond-at-Giverny-1917-777x1024.jpg\" alt=\"\" class=\"wp-image-10888\" srcset=\"https:\/\/www.netmundi.org\/home\/wp-content\/uploads\/2020\/02\/Claude-Monet-The-Water-Lily-Pond-at-Giverny-1917-777x1024.jpg 777w, https:\/\/www.netmundi.org\/home\/wp-content\/uploads\/2020\/02\/Claude-Monet-The-Water-Lily-Pond-at-Giverny-1917-228x300.jpg 228w, https:\/\/www.netmundi.org\/home\/wp-content\/uploads\/2020\/02\/Claude-Monet-The-Water-Lily-Pond-at-Giverny-1917-768x1012.jpg 768w, https:\/\/www.netmundi.org\/home\/wp-content\/uploads\/2020\/02\/Claude-Monet-The-Water-Lily-Pond-at-Giverny-1917-1165x1536.jpg 1165w, https:\/\/www.netmundi.org\/home\/wp-content\/uploads\/2020\/02\/Claude-Monet-The-Water-Lily-Pond-at-Giverny-1917.jpg 1210w\" sizes=\"auto, (max-width: 777px) 100vw, 777px\" \/><\/a><\/figure>\n\n\n\n<figure class=\"wp-block-image size-large\"><a href=\"https:\/\/www.netmundi.org\/home\/wp-content\/uploads\/2020\/02\/Claude-Monet-Water-Lilies-1916-1919.jpg\"><img loading=\"lazy\" decoding=\"async\" width=\"1020\" height=\"1024\" data-id=\"10889\" src=\"https:\/\/www.netmundi.org\/home\/wp-content\/uploads\/2020\/02\/Claude-Monet-Water-Lilies-1916-1919-1020x1024.jpg\" alt=\"\" class=\"wp-image-10889\" srcset=\"https:\/\/www.netmundi.org\/home\/wp-content\/uploads\/2020\/02\/Claude-Monet-Water-Lilies-1916-1919-1020x1024.jpg 1020w, https:\/\/www.netmundi.org\/home\/wp-content\/uploads\/2020\/02\/Claude-Monet-Water-Lilies-1916-1919-300x300.jpg 300w, https:\/\/www.netmundi.org\/home\/wp-content\/uploads\/2020\/02\/Claude-Monet-Water-Lilies-1916-1919-150x150.jpg 150w, https:\/\/www.netmundi.org\/home\/wp-content\/uploads\/2020\/02\/Claude-Monet-Water-Lilies-1916-1919-768x771.jpg 768w, https:\/\/www.netmundi.org\/home\/wp-content\/uploads\/2020\/02\/Claude-Monet-Water-Lilies-1916-1919.jpg 1355w\" sizes=\"auto, (max-width: 1020px) 100vw, 1020px\" \/><\/a><\/figure>\n\n\n\n<figure class=\"wp-block-image size-large\"><a href=\"https:\/\/www.netmundi.org\/home\/wp-content\/uploads\/2020\/02\/Claude-Monet-Water-Lilies-and-Weeping-Willow-Branches-1916-1919.jpg\"><img loading=\"lazy\" decoding=\"async\" width=\"1024\" height=\"910\" data-id=\"10890\" src=\"https:\/\/www.netmundi.org\/home\/wp-content\/uploads\/2020\/02\/Claude-Monet-Water-Lilies-and-Weeping-Willow-Branches-1916-1919-1024x910.jpg\" alt=\"\" class=\"wp-image-10890\" srcset=\"https:\/\/www.netmundi.org\/home\/wp-content\/uploads\/2020\/02\/Claude-Monet-Water-Lilies-and-Weeping-Willow-Branches-1916-1919-1024x910.jpg 1024w, https:\/\/www.netmundi.org\/home\/wp-content\/uploads\/2020\/02\/Claude-Monet-Water-Lilies-and-Weeping-Willow-Branches-1916-1919-300x267.jpg 300w, https:\/\/www.netmundi.org\/home\/wp-content\/uploads\/2020\/02\/Claude-Monet-Water-Lilies-and-Weeping-Willow-Branches-1916-1919-768x683.jpg 768w, https:\/\/www.netmundi.org\/home\/wp-content\/uploads\/2020\/02\/Claude-Monet-Water-Lilies-and-Weeping-Willow-Branches-1916-1919.jpg 1260w\" sizes=\"auto, (max-width: 1024px) 100vw, 1024px\" \/><\/a><\/figure>\n\n\n\n<figure class=\"wp-block-image size-large\"><a href=\"https:\/\/www.netmundi.org\/home\/wp-content\/uploads\/2020\/02\/Claude-Monet-Weeping-Willow-1920-1922.jpg\"><img loading=\"lazy\" decoding=\"async\" width=\"926\" height=\"1024\" data-id=\"10891\" src=\"https:\/\/www.netmundi.org\/home\/wp-content\/uploads\/2020\/02\/Claude-Monet-Weeping-Willow-1920-1922-926x1024.jpg\" alt=\"\" class=\"wp-image-10891\" srcset=\"https:\/\/www.netmundi.org\/home\/wp-content\/uploads\/2020\/02\/Claude-Monet-Weeping-Willow-1920-1922-926x1024.jpg 926w, https:\/\/www.netmundi.org\/home\/wp-content\/uploads\/2020\/02\/Claude-Monet-Weeping-Willow-1920-1922-271x300.jpg 271w, https:\/\/www.netmundi.org\/home\/wp-content\/uploads\/2020\/02\/Claude-Monet-Weeping-Willow-1920-1922-768x849.jpg 768w, https:\/\/www.netmundi.org\/home\/wp-content\/uploads\/2020\/02\/Claude-Monet-Weeping-Willow-1920-1922.jpg 1320w\" sizes=\"auto, (max-width: 926px) 100vw, 926px\" \/><\/a><\/figure>\n\n\n\n<figure class=\"wp-block-image size-large\"><a href=\"https:\/\/www.netmundi.org\/home\/wp-content\/uploads\/2020\/02\/Claude-Monet-Weeping-Willow-Giverny-1920-1922.jpg\"><img loading=\"lazy\" decoding=\"async\" width=\"850\" height=\"1024\" data-id=\"10892\" src=\"https:\/\/www.netmundi.org\/home\/wp-content\/uploads\/2020\/02\/Claude-Monet-Weeping-Willow-Giverny-1920-1922-850x1024.jpg\" alt=\"\" class=\"wp-image-10892\" srcset=\"https:\/\/www.netmundi.org\/home\/wp-content\/uploads\/2020\/02\/Claude-Monet-Weeping-Willow-Giverny-1920-1922-850x1024.jpg 850w, https:\/\/www.netmundi.org\/home\/wp-content\/uploads\/2020\/02\/Claude-Monet-Weeping-Willow-Giverny-1920-1922-249x300.jpg 249w, https:\/\/www.netmundi.org\/home\/wp-content\/uploads\/2020\/02\/Claude-Monet-Weeping-Willow-Giverny-1920-1922-768x926.jpg 768w, https:\/\/www.netmundi.org\/home\/wp-content\/uploads\/2020\/02\/Claude-Monet-Weeping-Willow-Giverny-1920-1922.jpg 1170w\" sizes=\"auto, (max-width: 850px) 100vw, 850px\" \/><\/a><\/figure>\n\n\n\n<figure class=\"wp-block-image size-large\"><a href=\"https:\/\/www.netmundi.org\/home\/wp-content\/uploads\/2020\/02\/Claude-Monet-Wisteria-1917-1920.jpg\"><img loading=\"lazy\" decoding=\"async\" width=\"1024\" height=\"519\" data-id=\"10893\" src=\"https:\/\/www.netmundi.org\/home\/wp-content\/uploads\/2020\/02\/Claude-Monet-Wisteria-1917-1920-1024x519.jpg\" alt=\"\" class=\"wp-image-10893\" srcset=\"https:\/\/www.netmundi.org\/home\/wp-content\/uploads\/2020\/02\/Claude-Monet-Wisteria-1917-1920-1024x519.jpg 1024w, https:\/\/www.netmundi.org\/home\/wp-content\/uploads\/2020\/02\/Claude-Monet-Wisteria-1917-1920-300x152.jpg 300w, https:\/\/www.netmundi.org\/home\/wp-content\/uploads\/2020\/02\/Claude-Monet-Wisteria-1917-1920-768x389.jpg 768w, https:\/\/www.netmundi.org\/home\/wp-content\/uploads\/2020\/02\/Claude-Monet-Wisteria-1917-1920.jpg 1480w\" sizes=\"auto, (max-width: 1024px) 100vw, 1024px\" \/><\/a><\/figure>\n<\/figure>\n\n\n\n<hr class=\"wp-block-separator has-css-opacity\"\/>\n\n\n\n<h3 class=\"wp-block-heading\">Navegue pelo netmundi.org<\/h3>\n\n\n\n<hr class=\"wp-block-separator has-css-opacity\"\/>\n\n\n\n<ul class=\"wp-block-list\">\n<li><a href=\"https:\/\/www.netmundi.org\/home\/\" target=\"_blank\" rel=\"noreferrer noopener\">P\u00e1gina Principal<\/a><\/li>\n\n\n\n<li><a href=\"http:\/\/www.netmundi.org\/filosofia\/category\/filosofia-antiga-2\/\">Filosofia Antiga<\/a><\/li>\n\n\n\n<li><a href=\"http:\/\/www.netmundi.org\/filosofia\/category\/filosofia-medieval-2\/\">Filosofia Medieval<\/a><\/li>\n\n\n\n<li><a href=\"http:\/\/www.netmundi.org\/filosofia\/category\/filosofia-moderna-2\/\">Filosofia Moderna<\/a><\/li>\n\n\n\n<li><a href=\"http:\/\/www.netmundi.org\/filosofia\/category\/filosofia-contemporanea\/\">Filosofia Contempor\u00e2nea<\/a><\/li>\n\n\n\n<li><a href=\"https:\/\/www.netmundi.org\/home\/category\/livros-para-baixar\/\">Livros \u2013 PDF<\/a><\/li>\n\n\n\n<li><a href=\"https:\/\/www.netmundi.org\/home\/category\/musicas\/\">M\u00fasicas cl\u00e1ssicas para ouvir e baixar<\/a><\/li>\n\n\n\n<li><a href=\"https:\/\/www.netmundi.org\/home\/category\/arte\/\">Galeria<\/a><\/li>\n\n\n\n<li><a href=\"https:\/\/www.netmundi.org\/home\/category\/textos-motivacionais\/\">Textos motivacionais<\/a><\/li>\n\n\n\n<li><a href=\"https:\/\/www.netmundi.org\/home\/category\/falacias\/\">Fal\u00e1cias<\/a><\/li>\n\n\n\n<li><a href=\"https:\/\/www.netmundi.org\/home\/category\/cibercultura\/\">Cibercultura<\/a><\/li>\n\n\n\n<li><a href=\"https:\/\/www.netmundi.org\/home\/category\/videos-comentados\/\">V\u00eddeos comentados<\/a><\/li>\n\n\n\n<li><a href=\"https:\/\/www.netmundi.org\/home\/category\/canal-youtube\/\">V\u00eddeos Canal Youtube<\/a><\/li>\n\n\n\n<li><a href=\"https:\/\/www.netmundi.org\/home\/category\/blog-do-editor\/\">Blog do Editor<\/a><\/li>\n\n\n\n<li><a href=\"http:\/\/www.netmundi.org\/pensamentos\/\">Frases &amp; Imagens de grandes fil\u00f3sofos<\/a><\/li>\n<\/ul>\n","protected":false},"excerpt":{"rendered":"<p>This gallery is part of our post Claude Monet \u2013 150 Images to View and Download. Click the images to see them larger. Esta galeria de imagens faz parte do post Claude Monet &#8211; 150 imagens para ver e baixar. Clique nas imagens para ampliar. 10 imagens Navegue pelo netmundi.org P\u00e1gina Principal Filosofia Antiga Filosofia Medieval Filosofia Moderna Filosofia Contempor\u00e2nea Livros \u2013 PDF M\u00fasicas cl\u00e1ssicas para ouvir e baixar Galeria Textos motivacionais Fal\u00e1cias Cibercultura V\u00eddeos comentados V\u00eddeos Canal Youtube Blog do Editor Frases &amp; Imagens de grandes fil\u00f3sofos<\/p>\n","protected":false},"author":1,"featured_media":10884,"parent":0,"menu_order":0,"comment_status":"closed","ping_status":"closed","template":"","meta":{"footnotes":""},"class_list":["post-10883","page","type-page","status-publish","has-post-thumbnail","hentry"],"yoast_head":"<!-- This site is optimized with the Yoast SEO plugin v26.6 - https:\/\/yoast.com\/wordpress\/plugins\/seo\/ -->\n<title>Claude Monet (1913-1926) - netmundi.org<\/title>\n<meta name=\"description\" content=\"O netmundi.org \u00e9 um site dedicado \u00e0 divulga\u00e7\u00e3o da Filosofia no Brasil. Aqui voc\u00ea vai encontrar as principais fal\u00e1cias, m\u00fasicas, hist\u00f3ria da filosofia, coment\u00e1rios sobre v\u00eddeos e filmes.\" \/>\n<meta name=\"robots\" content=\"index, follow, max-snippet:-1, max-image-preview:large, max-video-preview:-1\" \/>\n<link rel=\"canonical\" href=\"https:\/\/www.netmundi.org\/home\/claude-monet-1913-1926\/\" \/>\n<meta property=\"og:locale\" content=\"pt_BR\" \/>\n<meta property=\"og:type\" content=\"article\" \/>\n<meta property=\"og:title\" content=\"Claude Monet (1913-1926) - netmundi.org\" \/>\n<meta property=\"og:description\" content=\"O netmundi.org \u00e9 um site dedicado \u00e0 divulga\u00e7\u00e3o da Filosofia no Brasil. Aqui voc\u00ea vai encontrar as principais fal\u00e1cias, m\u00fasicas, hist\u00f3ria da filosofia, coment\u00e1rios sobre v\u00eddeos e filmes.\" \/>\n<meta property=\"og:url\" content=\"https:\/\/www.netmundi.org\/home\/claude-monet-1913-1926\/\" \/>\n<meta property=\"og:site_name\" content=\"netmundi.org\" \/>\n<meta property=\"article:modified_time\" content=\"2025-08-02T20:57:14+00:00\" \/>\n<meta property=\"og:image\" content=\"https:\/\/www.netmundi.org\/home\/wp-content\/uploads\/2020\/02\/Claude-Monet-Irises-and-Water-Lilies-1914-1917.jpg\" \/>\n\t<meta property=\"og:image:width\" content=\"1050\" \/>\n\t<meta property=\"og:image:height\" content=\"675\" \/>\n\t<meta property=\"og:image:type\" content=\"image\/jpeg\" \/>\n<meta name=\"twitter:card\" content=\"summary_large_image\" \/>\n<meta name=\"twitter:site\" content=\"@alfredo_mrc\" \/>\n<meta name=\"twitter:label1\" content=\"Est. tempo de leitura\" \/>\n\t<meta name=\"twitter:data1\" content=\"3 minutos\" \/>\n<script type=\"application\/ld+json\" class=\"yoast-schema-graph\">{\"@context\":\"https:\/\/schema.org\",\"@graph\":[{\"@type\":\"WebPage\",\"@id\":\"https:\/\/www.netmundi.org\/home\/claude-monet-1913-1926\/\",\"url\":\"https:\/\/www.netmundi.org\/home\/claude-monet-1913-1926\/\",\"name\":\"Claude Monet (1913-1926) - netmundi.org\",\"isPartOf\":{\"@id\":\"https:\/\/www.netmundi.org\/home\/#website\"},\"primaryImageOfPage\":{\"@id\":\"https:\/\/www.netmundi.org\/home\/claude-monet-1913-1926\/#primaryimage\"},\"image\":{\"@id\":\"https:\/\/www.netmundi.org\/home\/claude-monet-1913-1926\/#primaryimage\"},\"thumbnailUrl\":\"https:\/\/www.netmundi.org\/home\/wp-content\/uploads\/2020\/02\/Claude-Monet-Irises-and-Water-Lilies-1914-1917.jpg\",\"datePublished\":\"2020-02-18T13:10:06+00:00\",\"dateModified\":\"2025-08-02T20:57:14+00:00\",\"description\":\"O netmundi.org \u00e9 um site dedicado \u00e0 divulga\u00e7\u00e3o da Filosofia no Brasil. Aqui voc\u00ea vai encontrar as principais fal\u00e1cias, m\u00fasicas, hist\u00f3ria da filosofia, coment\u00e1rios sobre v\u00eddeos e filmes.\",\"breadcrumb\":{\"@id\":\"https:\/\/www.netmundi.org\/home\/claude-monet-1913-1926\/#breadcrumb\"},\"inLanguage\":\"pt-BR\",\"potentialAction\":[{\"@type\":\"ReadAction\",\"target\":[\"https:\/\/www.netmundi.org\/home\/claude-monet-1913-1926\/\"]}]},{\"@type\":\"ImageObject\",\"inLanguage\":\"pt-BR\",\"@id\":\"https:\/\/www.netmundi.org\/home\/claude-monet-1913-1926\/#primaryimage\",\"url\":\"https:\/\/www.netmundi.org\/home\/wp-content\/uploads\/2020\/02\/Claude-Monet-Irises-and-Water-Lilies-1914-1917.jpg\",\"contentUrl\":\"https:\/\/www.netmundi.org\/home\/wp-content\/uploads\/2020\/02\/Claude-Monet-Irises-and-Water-Lilies-1914-1917.jpg\",\"width\":1050,\"height\":675},{\"@type\":\"BreadcrumbList\",\"@id\":\"https:\/\/www.netmundi.org\/home\/claude-monet-1913-1926\/#breadcrumb\",\"itemListElement\":[{\"@type\":\"ListItem\",\"position\":1,\"name\":\"In\u00edcio\",\"item\":\"https:\/\/www.netmundi.org\/home\/\"},{\"@type\":\"ListItem\",\"position\":2,\"name\":\"Claude Monet (1913-1926)\"}]},{\"@type\":\"WebSite\",\"@id\":\"https:\/\/www.netmundi.org\/home\/#website\",\"url\":\"https:\/\/www.netmundi.org\/home\/\",\"name\":\"netmundi.org\",\"description\":\"ARTE, CULTURA E FILOSOFIA\",\"publisher\":{\"@id\":\"https:\/\/www.netmundi.org\/home\/#\/schema\/person\/12ddd80f62a6f0e98d99e56c5a71eed2\"},\"potentialAction\":[{\"@type\":\"SearchAction\",\"target\":{\"@type\":\"EntryPoint\",\"urlTemplate\":\"https:\/\/www.netmundi.org\/home\/?s={search_term_string}\"},\"query-input\":{\"@type\":\"PropertyValueSpecification\",\"valueRequired\":true,\"valueName\":\"search_term_string\"}}],\"inLanguage\":\"pt-BR\"},{\"@type\":[\"Person\",\"Organization\"],\"@id\":\"https:\/\/www.netmundi.org\/home\/#\/schema\/person\/12ddd80f62a6f0e98d99e56c5a71eed2\",\"name\":\"Netmundi.org - Filosofia na Rede\",\"image\":{\"@type\":\"ImageObject\",\"inLanguage\":\"pt-BR\",\"@id\":\"https:\/\/www.netmundi.org\/home\/#\/schema\/person\/image\/\",\"url\":\"https:\/\/secure.gravatar.com\/avatar\/4b425da16797e1bacc1ee50a40075366497cc3dd3e5c4319ef30ca6895d04061?s=96&r=g\",\"contentUrl\":\"https:\/\/secure.gravatar.com\/avatar\/4b425da16797e1bacc1ee50a40075366497cc3dd3e5c4319ef30ca6895d04061?s=96&r=g\",\"caption\":\"Netmundi.org - Filosofia na Rede\"},\"logo\":{\"@id\":\"https:\/\/www.netmundi.org\/home\/#\/schema\/person\/image\/\"}}]}<\/script>\n<!-- \/ Yoast SEO plugin. -->","yoast_head_json":{"title":"Claude Monet (1913-1926) - netmundi.org","description":"O netmundi.org \u00e9 um site dedicado \u00e0 divulga\u00e7\u00e3o da Filosofia no Brasil. Aqui voc\u00ea vai encontrar as principais fal\u00e1cias, m\u00fasicas, hist\u00f3ria da filosofia, coment\u00e1rios sobre v\u00eddeos e filmes.","robots":{"index":"index","follow":"follow","max-snippet":"max-snippet:-1","max-image-preview":"max-image-preview:large","max-video-preview":"max-video-preview:-1"},"canonical":"https:\/\/www.netmundi.org\/home\/claude-monet-1913-1926\/","og_locale":"pt_BR","og_type":"article","og_title":"Claude Monet (1913-1926) - netmundi.org","og_description":"O netmundi.org \u00e9 um site dedicado \u00e0 divulga\u00e7\u00e3o da Filosofia no Brasil. Aqui voc\u00ea vai encontrar as principais fal\u00e1cias, m\u00fasicas, hist\u00f3ria da filosofia, coment\u00e1rios sobre v\u00eddeos e filmes.","og_url":"https:\/\/www.netmundi.org\/home\/claude-monet-1913-1926\/","og_site_name":"netmundi.org","article_modified_time":"2025-08-02T20:57:14+00:00","og_image":[{"width":1050,"height":675,"url":"https:\/\/www.netmundi.org\/home\/wp-content\/uploads\/2020\/02\/Claude-Monet-Irises-and-Water-Lilies-1914-1917.jpg","type":"image\/jpeg"}],"twitter_card":"summary_large_image","twitter_site":"@alfredo_mrc","twitter_misc":{"Est. tempo de leitura":"3 minutos"},"schema":{"@context":"https:\/\/schema.org","@graph":[{"@type":"WebPage","@id":"https:\/\/www.netmundi.org\/home\/claude-monet-1913-1926\/","url":"https:\/\/www.netmundi.org\/home\/claude-monet-1913-1926\/","name":"Claude Monet (1913-1926) - netmundi.org","isPartOf":{"@id":"https:\/\/www.netmundi.org\/home\/#website"},"primaryImageOfPage":{"@id":"https:\/\/www.netmundi.org\/home\/claude-monet-1913-1926\/#primaryimage"},"image":{"@id":"https:\/\/www.netmundi.org\/home\/claude-monet-1913-1926\/#primaryimage"},"thumbnailUrl":"https:\/\/www.netmundi.org\/home\/wp-content\/uploads\/2020\/02\/Claude-Monet-Irises-and-Water-Lilies-1914-1917.jpg","datePublished":"2020-02-18T13:10:06+00:00","dateModified":"2025-08-02T20:57:14+00:00","description":"O netmundi.org \u00e9 um site dedicado \u00e0 divulga\u00e7\u00e3o da Filosofia no Brasil. Aqui voc\u00ea vai encontrar as principais fal\u00e1cias, m\u00fasicas, hist\u00f3ria da filosofia, coment\u00e1rios sobre v\u00eddeos e filmes.","breadcrumb":{"@id":"https:\/\/www.netmundi.org\/home\/claude-monet-1913-1926\/#breadcrumb"},"inLanguage":"pt-BR","potentialAction":[{"@type":"ReadAction","target":["https:\/\/www.netmundi.org\/home\/claude-monet-1913-1926\/"]}]},{"@type":"ImageObject","inLanguage":"pt-BR","@id":"https:\/\/www.netmundi.org\/home\/claude-monet-1913-1926\/#primaryimage","url":"https:\/\/www.netmundi.org\/home\/wp-content\/uploads\/2020\/02\/Claude-Monet-Irises-and-Water-Lilies-1914-1917.jpg","contentUrl":"https:\/\/www.netmundi.org\/home\/wp-content\/uploads\/2020\/02\/Claude-Monet-Irises-and-Water-Lilies-1914-1917.jpg","width":1050,"height":675},{"@type":"BreadcrumbList","@id":"https:\/\/www.netmundi.org\/home\/claude-monet-1913-1926\/#breadcrumb","itemListElement":[{"@type":"ListItem","position":1,"name":"In\u00edcio","item":"https:\/\/www.netmundi.org\/home\/"},{"@type":"ListItem","position":2,"name":"Claude Monet (1913-1926)"}]},{"@type":"WebSite","@id":"https:\/\/www.netmundi.org\/home\/#website","url":"https:\/\/www.netmundi.org\/home\/","name":"netmundi.org","description":"ARTE, CULTURA E FILOSOFIA","publisher":{"@id":"https:\/\/www.netmundi.org\/home\/#\/schema\/person\/12ddd80f62a6f0e98d99e56c5a71eed2"},"potentialAction":[{"@type":"SearchAction","target":{"@type":"EntryPoint","urlTemplate":"https:\/\/www.netmundi.org\/home\/?s={search_term_string}"},"query-input":{"@type":"PropertyValueSpecification","valueRequired":true,"valueName":"search_term_string"}}],"inLanguage":"pt-BR"},{"@type":["Person","Organization"],"@id":"https:\/\/www.netmundi.org\/home\/#\/schema\/person\/12ddd80f62a6f0e98d99e56c5a71eed2","name":"Netmundi.org - Filosofia na Rede","image":{"@type":"ImageObject","inLanguage":"pt-BR","@id":"https:\/\/www.netmundi.org\/home\/#\/schema\/person\/image\/","url":"https:\/\/secure.gravatar.com\/avatar\/4b425da16797e1bacc1ee50a40075366497cc3dd3e5c4319ef30ca6895d04061?s=96&r=g","contentUrl":"https:\/\/secure.gravatar.com\/avatar\/4b425da16797e1bacc1ee50a40075366497cc3dd3e5c4319ef30ca6895d04061?s=96&r=g","caption":"Netmundi.org - Filosofia na Rede"},"logo":{"@id":"https:\/\/www.netmundi.org\/home\/#\/schema\/person\/image\/"}}]}},"amp_enabled":true,"_links":{"self":[{"href":"https:\/\/www.netmundi.org\/home\/wp-json\/wp\/v2\/pages\/10883","targetHints":{"allow":["GET"]}}],"collection":[{"href":"https:\/\/www.netmundi.org\/home\/wp-json\/wp\/v2\/pages"}],"about":[{"href":"https:\/\/www.netmundi.org\/home\/wp-json\/wp\/v2\/types\/page"}],"author":[{"embeddable":true,"href":"https:\/\/www.netmundi.org\/home\/wp-json\/wp\/v2\/users\/1"}],"replies":[{"embeddable":true,"href":"https:\/\/www.netmundi.org\/home\/wp-json\/wp\/v2\/comments?post=10883"}],"version-history":[{"count":8,"href":"https:\/\/www.netmundi.org\/home\/wp-json\/wp\/v2\/pages\/10883\/revisions"}],"predecessor-version":[{"id":20047,"href":"https:\/\/www.netmundi.org\/home\/wp-json\/wp\/v2\/pages\/10883\/revisions\/20047"}],"wp:featuredmedia":[{"embeddable":true,"href":"https:\/\/www.netmundi.org\/home\/wp-json\/wp\/v2\/media\/10884"}],"wp:attachment":[{"href":"https:\/\/www.netmundi.org\/home\/wp-json\/wp\/v2\/media?parent=10883"}],"curies":[{"name":"wp","href":"https:\/\/api.w.org\/{rel}","templated":true}]}}